93911?
7
What is the tens digit of 98129847?
4
What is the hundreds digit of 2502092279?
2
What is the tens digit of 2501165052?
5
What is the tens digit of 810630366?
6
What is the thousands digit of 2431512824?
2
What is the units digit of 395543205?
5
What is the billions digit of 5170861717?
5
What is the ten thousands digit of 2424796862?
9
What is the hundred thousands digit of 30113456?
1
What is the hundreds digit of 812438951?
9
What is the ten millions digit of 908609106?
0
What is the tens digit of 281358915?
1
What is the ten millions digit of 505543186?
0
What is the ten thousands digit of 3593355540?
5
What is the hundreds digit of 329112704?
7
What is the hundred millions digit of 5532484975?
5
What is the tens digit of 82304977?
7
What is the hundreds digit of 109430899?
8
What is the units digit of 2576941067?
7
What is the units digit of 1564439278?
8
What is the millions digit of 245730495?
5
What is the billions digit of 1575318430?
1
What is the hundred thousands digit of 3317814153?
8
What is the ten thousands digit of 47654210?
5
What is the ten thousands digit of 776676676?
7
What is the hundred thousands digit of 202111891?
1
What is the millions digit of 29662407?
9
What is the ten thousands digit of 196765236?
6
What is the hundreds digit of 115628669?
6
What is the millions digit of 75537103?
5
What is the tens digit of 66896176?
7
What is the tens digit of 55145533?
3
What is the thousands digit of 103103557?
3
What is the billions digit of 1074935561?
1
What is the millions digit of 35655705?
5
What is the ten millions digit of 32123588?
3
What is the hundreds digit of 56962289?
2
What is the hundred thousands digit of 748741433?
7
What is the tens digit of 885127390?
9
What is the ten millions digit of 548338494?
4
What is the millions digit of 91641567?
1
What is the thousands digit of 1015538137?
8
What is the thousands digit of 99931676?
1
What is the units digit of 71762910?
0
What is the ten millions digit of 171962375?
7
What is the hundreds digit of 431984760?
7
What is the tens digit of 282978357?
5
What is the thousands digit of 111310345?
0
What is the billions digit of 7119808427?
7
What is the hundreds digit of 19637155?
1
What is the hundreds digit of 605432949?
9
What is the ten millions digit of 494963611?
9
What is the tens digit of 401825164?
6
What is the millions digit of 172866314?
2
What is the millions digit of 391437705?
1
What is the thousands digit of 357078814?
8
What is the hundreds digit of 18488497?
4
What is the hundred millions digit of 3944180729?
9
What is the tens digit of 46284921?
2
What is the millions digit of 139545344?
9
What is the hundreds digit of 15468292?
2
What is the millions digit of 1092668326?
2
What is the ten thousands digit of 275431760?
3
What is the hundred thousands digit of 5756648851?
6
What is the tens digit of 500776517?
1
What is the thousands digit of 1925986942?
6
What is the hundred millions digit of 191891481?
1
What is the thousands digit of 922796756?
6
What is the units digit of 98883180?
0
What is the millions digit of 3765300657?
5
What is the units digit of 70028614?
4
What is the hundred millions digit of 1033858628?
0
What is the thousands digit of 51328460?
8
What is the tens digit of 92109788?
8
What is the tens digit of 3266691957?
5
What is the millions digit of 1132115221?
2
What is the hundreds digit of 223865413?
4
What is the hundred thousands digit of 56799348?
7
What is the hundreds digit of 828530661?
6
What is the tens digit of 4205849520?
2
What is the millions digit of 84245221?
4
What is the millions digit of 18537828?
8
What is the ten thousands digit of 5312059727?
5
What is the hundred thousands digit of 44969654?
9
What is the ten millions digit of 39397322?
3
What is the tens digit of 1967357276?
7
What is the ten thousands digit of 7573505148?
0
What is the hundred thousands digit of 163998147?
9
What is the hundred millions digit of 672685145?
6
What is the billions digit of 1073131939?
1
What is the tens digit of 47477035?
3
What is the units digit of 2428415077?
7
What is the ten millions digit of 356919721?
5
What is the millions digit of 50845099?
0
What is the units digit of 50735345?
5
What is the millions digit of 359758105?
9
What is the millions digit of 74559113?
4
What is the millions digit of 73133434?
3
What is the hundred thousands digit of 49632006?
6
What is the ten millions digit of 19600481?
1
What is the hundreds digit of 146552351?
3
What is the tens digit of 39517843?
4
What is the ten thousands digit of 13568337?
6
What is the hundreds digit of 758929005?
0
What is the ten thousands digit of 32998689?
9
What is the ten thousands digit of 3490294?
9
What is the hundred thousands digit of 40494205?
4
What is the units digit of 122443959?
9
What is the ten millions digit of 4345655955?
4
What is the units digit of 2720015645?
5
What is the hundred thousands digit of 22724889?
7
What is the billions digit of 2225701633?
2
What is the units digit of 18820376?
6
What is the millions digit of 832289363?
2
What is the tens digit of 4339849624?
2
What is the thousands digit of 115367145?
7
What is the millions digit of 122408035?
2
What is the billions digit of 4379071624?
4
What is the hundreds digit of 5646279336?
3
What is the tens digit of 1550653884?
8
What is the tens digit of 68092868?
6
What is the units digit of 42887718?
8
What is the millions digit of 44611932?
4
What is the hundred thousands digit of 145135573?
1
What is the hundred millions digit of 899615699?
8
What is the billions digit of 1192355690?
1
What is the hundreds digit of 126161137?
1
What is the hundreds digit of 541408652?
6
What is the millions digit of 22571259?
2
What is the tens digit of 828523823?
2
What is the hundred millions digit of 158084602?
1
What is the hundred thousands digit of 150478423?
4
What is the hundred thousands digit of 57890683?
8
What is the ten millions digit of 421960077?
2
What is the hundred millions digit of 1648707612?
6
What is the millions digit of 142018419?
2
What is the hundred millions digit of 144681829?
1
What is the units digit of 250024742?
2
What is the millions digit of 580232456?
0
What is the thousands digit of 3030076901?
6
What is the hundred thousands digit of 68113962?
1
What is the ten thousands digit of 1383027665?
2
What is the hundreds digit of 228840880?
8
What is the hundred thousands digit of 130229938?
2
What is the units digit of 1307854617?
7
What is the ten thousands digit of 14827028?
2
What is the tens digit of 1324836549?
4
What is the millions digit of 206853459?
6
What is the hundred thousands digit of 187689419?
6
What is the ten thousands digit of 36839299?
3
What is the units digit of 464377726?
6
What is the ten thousands digit of 53925352?
2
What is the hundreds digit of 1155650361?
3
What is the ten thousands digit of 4757616092?
1
What is the tens digit of 1033101550?
5
What is the tens digit of 248165395?
9
What is the ten thousands digit of 467092237?
9
What is the hundreds digit of 447521769?
7
What is the hundreds digit of 13148480?
4
What is the units digit of 20865073?
3
What is the hundreds digit of 774035940?
9
What is the tens digit of 5209307506?
0
What is the ten millions digit of 67227806?
6
What is the units digit of 1720589271?
1
What is the units digit of 4129419691?
1
What is the ten millions digit of 26743862?
2
What is the ten thousands digit of 3777392513?
9
What is the ten millions digit of 1539765963?
3
What is the hundred thousands digit of 469851775?
8
What is the ten millions digit of 5023709716?
2
What is the tens digit of 2458035457?
5
What is the hundred thousands digit of 209507623?
5
What is the thousands digit of 361570822?
0
What is the units digit of 20923613?
3
What is the hundreds digit of 1355971644?
6
What is the ten thousands digit of 7132259522?
5
What is the hundreds digit of 8487143511?
5
What is the millions digit of 70202669?
0
What is the ten millions digit of 110266792?
1
What is the tens digit of 51248396?
9
What is the thousands digit of 5443688094?
8
What is the units digit of 2449732118?
8
What is the millions digit of 68373472?
8
What is the units digit of 1135243277?
7
What is the hundred thousands digit